 5
-423013
12010 (base 5) to base 3
1012121
What is -611 (base 11) in base 2?
-1011100010
What is -1201222 (base 3) in base 14?
-668
What is -55112 (base 6) in base 16?
-1db4
Convert 4115 (base 6) to base 13.
551
What is -2132121 (base 4) in base 11?
-7686
What is -933b (base 14) in base 12?
-127b5
Convert 747 (base 11) to base 7.
2422
What is -2aaa (base 16) in base 11?
-822a
Convert 35105 (base 7) to base 14.
33ac
Convert -3262 (base 8) to base 16.
-6b2
What is -10003 (base 4) in base 11?
-216
4351 (base 8) to base 11
1794
-536 (base 7) to base 16
-110
1290 (base 10) to base 8
2412
Convert -9b6b (base 15) to base 9.
-50172
What is 485 (base 11) in base 15?
287
What is -325 (base 15) in base 5?
-10320
What is 763 (base 9) in base 6?
2520
-32043 (base 7) to base 11
-5a50
Convert 9b3 (base 12) to base 11.
1091
Convert 2611 (base 11) to base 7.
12625
Convert 1132122 (base 4) to base 2.
1011110011010
What is -23a2 (base 13) in base 3?
-20220102
Convert 60b9 (base 14) to base 4.
10003303
Convert 1100110100 (base 2) to base 3.
1010101
-211002 (base 3) to base 5
-4341
-144465 (base 7) to base 13
-c9ab
What is 445d (base 15) in base 8?
34230
What is 333545 (base 6) in base 15?
84b8
What is -100201 (base 4) in base 2?
-10000100001
What is 4317 (base 12) in base 16?
1cc3
-2a8a (base 12) to base 5
-130002
Convert b3 (base 12) to base 5.
1020
What is -3892 (base 10) in base 15?
-1247
Convert -12112101 (base 4) to base 2.
-110010110010001
What is 345 (base 6) in base 11?
115
201220 (base 3) to base 4
20121
Convert 102022120 (base 3) to base 6.
102110
What is 412 (base 9) in base 11?
285
-2034301 (base 5) to base 14
-c3d3
What is 18a0 (base 14) in base 5?
120302
1379 (base 10) to base 14
707
1036 (base 10) to base 3
1102101
What is 221003 (base 4) in base 6?
20055
What is -2a09 (base 15) in base 8?
-21461
What is bab3 (base 14) in base 10?
32301
Convert 27804 (base 11) to base 7.
223240
-557 (base 8) to base 10
-367
884 (base 14) to base 3
2022101
Convert 7761 (base 9) to base 11.
4335
1101230 (base 4) to base 12
3038
-2002112122 (base 3) to base 14
-11043
-2774 (base 8) to base 6
-11032
What is -45680 (base 11) in base 15?
-14873
Convert 206 (base 15) to base 6.
2040
Convert 10165 (base 8) to base 3.
12210001
Convert 123613 (base 7) to base 9.
34421
Convert 22335 (base 6) to base 2.
110001010011
7357 (base 8) to base 15
11ed
Convert 22546 (base 8) to base 11.
7214
1d2 (base 15) to base 5
3142
What is 3011222 (base 4) in base 13?
59b1
21420 (base 5) to base 4
113031
Convert 1111200 (base 3) to base 7.
3126
What is -b8 (base 14) in base 2?
-10100010
-66d (base 16) to base 12
-b51
Convert 718 (base 10) to base 13.
433
Convert -5313 (base 8) to base 5.
-42023
What is 26a06 (base 11) in base 5?
2212414
13321013 (base 4) to base 12
1685b
Convert 1761 (base 10) to base 14.
8db
Convert 1171 (base 12) to base 2.
11110100101
What is 10101111110111 (base 2) in base 8?
25767
-111210 (base 4) to base 6
-10220
-122 (base 5) to base 4
-211
Convert -12101 (base 5) to base 8.
-1605
What is -2010 (base 12) in base 15?
-1063
1d8f (base 16) to base 11
575a
What is 11116 (base 7) in base 5?
42211
What is -205345 (base 6) in base 16?
-4181
What is -102241 (base 5) in base 10?
-3446
What is -20110 (base 3) in base 6?
-450
323430 (base 5) to base 10
11115
What is 1582 (base 10) in base 14?
810
Convert -b896 (base 13) to base 9.
-38151
Convert -6b8 (base 12) to base 2.
-1111101100
What is -795 (base 11) in base 2?
-1110110111
321332 (base 4) to base 6
25102
What is -389 (base 12) in base 6?
-2253
3111200 (base 4) to base 9
20662
Convert -32275 (base 9) to base 14.
-7b07
Convert 155b (base 15) to base 12.
27a2
1405 (base 8) to base 9
1048
Convert -100000110 (base 2) to base 10.
-262
-23443 (base 5) to base 6
-12032
3a6 (base 16) to base 15
424
What is 1311 (base 7) in base 11?
413
Convert -1373 (base 12) to base 7.
-6360
Convert 1601 (base 7) to base 13.
3a1
-386c (base 13) to base 3
-102000112
Convert -5365 (base 12) to base 5.
-243044
What is 13da6 (base 15) in base 11?
43a59
Convert -144 (base 13) to base 10.
-225
Convert -1b39 (base 13) to base 15.
-1339
1615 (base 7) to base 12
461
Convert 213 (base 15) to base 2.
111010100
Convert -12030 (base 4) to base 6.
-1500
Convert -233 (base 11) to base 2.
-100010110
Convert 1230 (base 6) to base 7.
615
Convert 23002 (base 4) to base 5.
10311
Convert 8e4 (base 15) to base 4.
133132
Convert -8816 (base 15) to base 11.
-1a721
68b6 (base 15) to base 3
1010111000
What is 103300 (base 4) in base 7?
3454
551 (base 9) to base 4
13003
What is -19c (base 16) in base 15?
-1c7
What is 4072 (base 10) in base 16?
fe8
6301 (base 9) to base 6
33214
Convert 13634 (base 11) to base 12.
b285
1011220 (base 3) to base 2
1101011101
Convert 5046 (base 7) to base 12.
1019
90bd (base 14) to base 7
132326
What is -2121 (base 3) in base 4?
-1012
110111101 (base 3) to base 15
2a74
-4541 (base 8) to base 13
-1129
1553 (base 6) to base 13
270
Convert -3027 (base 10) to base 11.
-2302
Convert 2500 (base 10) to base 8.
4704
-1202021220 (base 3) to base 13
-12900
13265 (base 8) to base 5
141223
1433410 (base 5) to base 9
45726
2139 (base 11) to base 15
c85
Convert -125772 (base 8) to base 15.
-d0a1
What is 41a8 (base 13) in base 7?
35342
What is 20224 (base 5) in base 13?
7a1
-2185 (base 9) to base 14
-836
What is -3270 (base 11) in base 10?
-4312
-23111 (base 5) to base 12
-b60
1102002 (base 3) to base 8
2004
2062 (base 7) to base 13
442
What is 2075 (base 11) in base 16?
ab8
What is 478 (base 16) in base 11?
950
Convert -8301 (base 13) to base 16.
-46a4
What is -15153 (base 6) in base 9?
-3316
What is 1381 (base 16) in base 13?
2371
What is 20415 (base 6) in base 16?
abb
What is -2a5 (base 15) in base 10?
-605
Convert 333 (base 8) to base 14.
119
What is -110101001101 (base 2) in base 13?
-171c
What is -3127 (base 8) in base 14?
-83d
-69d (base 15) to base 13
-8b3
Convert -122 (base 5) to base 2.
-100101
-3591 (base 12) to base 6
-43501
Convert a230 (base 11) to base 16.
3511
Convert -132002 (base 6) to base 12.
-7002
Convert 102133 (base 4) to base 15.
53d
Convert -19735 (base 10) to base 11.
-13911
Convert -10100101101010 (base 2) to base 7.
-42624
90e2 (base 16) to base 4
21003202
Convert -663d (base 15) to base 10.
-21658
What is 1224 (base 6) in base 16?
130
What is 1601c (base 14) in base 2?
1101011001111010
62 (base 11) to base 3
2112
Convert -123211 (base 4) to base 2.
-11011100101
Convert -31526 (base 10) to base 12.
-162b2
Convert 31542 (base 6) to base 7.
15365
Convert 11314 (base 5) to base 14.
438
What is -83a0 (base 13) in base 6?
-220153
What is -362 (base 8) in base 9?
-288
Convert 51820 (base 10) to base 6.
1035524
-36a5 (base 13) to base 4
-1320330
-6870 (base 11) to base 3
-110101111
d758 (base 16) to base 6
1103120
-33550 (base 6) to base 8
-11212
What is 6153 (base 10) in base 7?
23640
What is -1101110001100 (base 2) in base 10?
-7052
14432 (base 11) to base 9
31080
What is -111221122 (base 3) in base 6?
-115025
-965 (base 16) to base 8
-4545
1ca (base 15) to base 3
120101
Convert -2021110 (base 3) to base 2.
-11001111011
14234 (base 15) to base 4
33301300
Convert -58d (base 14) to base 12.
-781
Convert -208 (base 13) to base 2.
-101011010
Convert -13112 (base 4) to base 6.
-2102
-1fad (base 16) to base 11
-6102
What is 767 (base 9) in base 10?
628
6506 (base 10) to base 14
252a
What is 1d13 (base 15) in base 9?
8600
What is -1000011001010 (base 2) in base 10?
-4298
What is -2910 (base 15) in base 8?
-21126
Convert -2156 (base 10) to base 15.
-98b
What is 3316 (base 8) in base 6?
12022
-2623 (base 8) to base 15
-652
-1117 (base 11) to base 5
-21340
What is 30cc (base 16) in base 10?
12492
Convert -546 (base 8) to base 16.
-166
-32467 (base 8) to base 6
-143023
-1010022 (base 3) to base 6
-3442
33332 (base 4) to base 11
84a
Convert 1112011222 (base 3) to base 7.
153350
24656 (base 9) to base 7
66216
-1750 (base 8) to base 7
-2626
What is -3521 (base 7) in base 13?
-782
What is -22031 (base 6) in base 8?
-5743
What is -6365 (base 13) in base 7?
-55103
What is 81e (base 15) in base 11?
1413
-11111111 (base 2) to base 9
-313
Convert 1575 (base 8) to base 13.
539
What is -27f (base 16) in base 3?
-212200
16ab (base 13) to base 3
11121011
838 (